= t, 3*t - 148 = -5*f. Suppose 0 = 3*i + 17 - 44. What is the remainder when t is divided by i?
6
Let v(c) = c**3 + c**2 + 3. Let t be v(0). Suppose t = 5*u - 7. Let f = 4 + u. What is the remainder when 23 is divided by f?
5
Suppose -31 - 37 = -17*k. What is the remainder when 184 is divided by k?
0
Let b(q) = -9*q - 8. Let s be b(-1). Calculate the remainder when (s - 107)*35/(-70) is divided by (-1)/(-4) + 43/4.
9
Suppose 3*d + 2*d - 3*h = 152, 0 = -4*d - 2*h + 126. Calculate the remainder when 462 is divided by d.
28
Let i = 422 + -369. Let b(a) = -4*a - 8. What is the remainder when i is divided by b(-9)?
25
Let l = 427 - 316. What is the remainder when 321 is divided by l?
99
Let o = -4 + 13. Suppose -4*i - o*i = -1534. Calculate the remainder when i is divided by 10.
8
Let n = 23 + -12. Calculate the remainder when (18/(-12) - 0)*(-174)/9 is divided by n.
7
Let d(l) = l**3 - 13*l**2 + 11*l + 34. Calculate the remainder when 239 is divided by d(12).
19
Suppose 3 = 3*d - 3*r - 6, 5*d = -2*r + 15. Suppose 2*t = -2*u + 48, -d*t + 89 = t - 3*u. Let s = t + -19. Calculate the remainder when 12 is divided by s.
0
Suppose h + 3*l - 29 = -1, -5*l + 130 = 5*h. Calculate the remainder when 86/((-10)/h*-5) is divided by 16.
11
Let y = -447 + 610. What is the remainder when y is divided by 45?
28
Suppose 108 = 5*y - 4*s, -y + 5*s + 11 + 19 = 0. Suppose -t - 14 = 3*m, 5*m + 10 + 15 = 0. Calculate the remainder when y + t + 1 + -2 is divided by 11.
9
Let k(w) = -w**3 + 3*w**2 - w. Let f(s) = s**2 + 5*s - 4. Let t be f(-6). Calculate the remainder when 8/28 + (-640)/(-112) is divided by k(t).
0
Let l(d) = -d**3 - 7*d**2 + 12*d + 8. Let i be l(-8). What is the remainder when 30 is divided by i/(-10)*30/9?
6
Suppose -2870 + 2763 = -s. What is the remainder when s is divided by 6?
5
Let b(a) = a**3 - 9*a**2 + 8*a - 8. Let d be b(6). Let u(l) = 28*l - 77. Let g be u(7). Let n = d + g. What is the remainder when n is divided by 13?
12
Suppose 0 = 3*z + 2*w - 113, 0*z = 3*z + 5*w - 125. What is the remainder when z is divided by 31?
4
What is the remainder when 223 is divided by 4*(18/(-12))/(6/(-82))?
59
Suppose 1730 = 21*n - 2449. What is the remainder when n is divided by 53?
40
Suppose j = -4*j + 3*t + 21, j = t + 3. Let l(c) = -2*c**3 + 13*c**2 - 3*c - 7. What is the remainder when 21 is divided by l(j)?
10
Let x(n) be the second derivative of n**3/6 + 5*n**2/2 + 2*n + 18. Suppose 2 = 4*i - 18, 0 = -4*j + i + 35. What is the remainder when 28 is divided by x(j)?
13
Suppose 0 = -4*o - 13*o + 1122. What is the remainder when 197 is divided by o?
65
Let d(u) = 2*u**2 - 7*u - 82. What is the remainder when 412 is divided by d(-6)?
28
Suppose 12*m - 10*m - 202 = -5*w, -20 = 5*m. What is the remainder when w is divided by 28?
14
What is the remainder when (-38)/(-19) + 0 + 9*11 is divided by 26?
23
Suppose 4 = -3*s + 5*s. Let f be (-656)/(-22) - 4/(-22). Suppose -s*l + f = l. Calculate the remainder when 18 is divided by l.
8
Calculate the remainder when 72 is divided by 34/(-323) + -166*(-3)/38.
7
Suppose -3 = 2*y - 1. Let l be ((-2)/2 + 5)/y. Calculate the remainder when 49 is divided by 138/8 + 1/l.
15
Let o = -39 + 85. Let w(q) = q**3 - 2*q**2 - 6*q + 5. Let x be w(5). Suppose -m - o = -4*y + m, 5*m = -5*y + x. What is the remainder when 42 is divided by y?
9
Let z(b) = -6*b**2 + 20*b - 1. Calculate the remainder when z(3) is divided by 4.
1
Suppose -6*l - 429 = -1215. Calculate the remainder when l is divided by 40.
11
Suppose d = -2*d + 171. Let o = d - 29. What is the remainder when 53 is divided by o?
25
Let u be (-1 - -583) + 8 + 36/(-6). Suppose -5*l + q = -586, -q = 5*l - 0*l - u. What is the remainder when l is divided by 24?
21
Suppose 4*a - 147 = 4*f + 125, -f = 2. Let m = -44 + a. Suppose m = -5*w + 92. Calculate the remainder when w is divided by 4.
2
Suppose -74*j + 81*j - 63 = 0. Calculate the remainder when 132 is divided by j.
6
Suppose 2*f + 0 = 4. Suppose 0 = -f*c + 3*c - 1. Calculate the remainder when 141/12 + c/4 is divided by 5.
2
Suppose -3*q - 84 - 96 = 0. Let h be (-10)/q + 11/6. Suppose 0*s + h = s. Calculate the remainder when 6 is divided by s.
0
Suppose 2*n = b + 164, -5*n + 412 = -6*b + 4*b. Calculate the remainder when n is divided by 18.
12
Let j = 20 + -14. Let m(i) = 2*i**2 - 8*i - 3. What is the remainder when m(j) is divided by (-2 + 26/2)*1?
10
Let v = 261 - -281. Calculate the remainder when v is divided by 91.
87
Let k(p) = -p**2 - 5*p + 3. Suppose -32*l = -28*l - 100. Suppose l*h = 21*h + 16. Calculate the remainder when k(-4) is divided by h.
3
Let t be ((-16)/3 + 6)*1518/4. Suppose -3*r + 754 = t. Calculate the remainder when r is divided by 42.
41
Suppose -2*x + 124 = 20. What is the remainder when 154 is divided by x?
50
Suppose -100 = -2*q + 6*q. Calculate the remainder when (-1)/5 + (-2880)/q is divided by 29.
28
Suppose 5*s + 371 = g, 2*s + s = 3. What is the remainder when g is divided by 113?
37
Let r(o) = 5*o**2 - o - 31. Calculate the remainder when r(9) is divided by 46.
43
Suppose 17 + 21 = 2*w. Let o be (21/4)/(87/232). Calculate the remainder when (-582)/(-10) + o/(-70) - 3 is divided by w.
17
Let v(o) = o - 14. Let i be v(12). Let m be (-1)/i - (-5)/2. Suppose -m*d - 5*q = -0*d - 159, 5*q = -5*d + 265. What is the remainder when d is divided by 14?
11
Let k(o) = o**3 + 6*o**2 + 3. Suppose 7*a + 174 = -169. Let y = 54 + a. Calculate the remainder when y is divided by k(-6).
2
Suppose f = -3*w - 2*f - 15, 25 = -3*w - f. Calculate the remainder when 83 is divided by (-14)/(1 - w/(-6)).
20
Let q(x) = -x**3 + 17*x**2 + 30*x - 17. What is the remainder when q(18) is divided by 8?
7
Let a = 129 - 109. Let h be 2/(2/171*3). Let o = h + 0. What is the remainder when o is divided by a?
17
Let r = 749 - 683. Calculate the remainder when 256 is divided by r.
58
Let m(n) = n + 2. Suppose 0*w + 3*w - 6 = 0. Suppose r = 3*t - r + 2, -w*r = -4*t. Calculate the remainder when 14 is divided by m(t).
2
Let u = 2 - -14. Suppose -9*a - 27169 - 323 = -125*a. Calculate the remainder when a is divided by u.
13
Let k(c) = -c**3 - 5*c**2 - 3*c - 6. Let t be k(-4). Let w be (-5)/t*(-1 + -69). Let a = 74 + w. Calculate the remainder when a is divided by 21.
18
Suppose -64*o + 4 = -66*o. Calculate the remainder when (710/25 - o/(-5)) + 3 is divided by (2 - -22)*2/4.
7
Calculate the remainder when 7/(14/(-12)) + 55 is divided by 11.
5
Suppose 0 = -2*n - 3*n, 0 = 6*k - 3*n - 228. Calculate the remainder when 262 is divided by k.
34
Suppose 0 = 3*f + f - 4*u, -3*f - 5*u + 24 = 0. Let g(k) = -1 + k + 0*k - f*k. Calculate the remainder when 6 is divided by g(-2).
0
Let m(j) = -86*j. Calculate the remainder when m(-1) is divided by 18.
14
Suppose 22*d = 1185 + 1081. Calculate the remainder when d is divided by 5.
3
Let i(c) = -c**3 - 6*c**2 + 3*c - 2. Let l be i(-7). Suppose u = -11 + l. Calculate the remainder when 27 is divided by u.
12
Let b = 1014 - 998. Calculate the remainder when 136 is divided by b.
8
Suppose 10*h - 7*h = -5*y + 406, -5*y - 4*h = -408. What is the remainder when y is divided by 41?
39
Suppose 3*f + 5*u = 31, -2*f - f + 16 = 2*u. Let v = 4 - f. What is the remainder when 142/4 - v/4 is divided by 12?
11
Let j = 64 - 128. Let m = j + 80. Calculate the remainder when 237 is divided by m.
13
Suppose 23*k = 445 + 337. Calculate the remainder when 56 is divided by k.
22
Let p = 14 + -6. Let u(i) = i**3 - 7*i**2 - 7*i. Suppose 4*l - 128 + 36 = 0. What is the remainder when l is divided by u(p)?
7
Let a = 322 - 35. Calculate the remainder when a is divided by 74.
65
Let u be ((-2)/2*-1)/(10/70). Suppose 22 = u*t - 20. What is the remainder when 17 is divided by t?
5
Suppose -2 = 4*a + 2. What is the remainder when -3 - a*78*1 is divided by 26?
23
What is the remainder when (0 - 6) + -73 + 546 is divided by 59?
54
Suppose l - 13 = 2*l - 4*m, 3*l - 9 = -4*m. What is the remainder when (-6)/33 + (-1425)/(-33) is divided by (-2 - -16) + (-4 - l)?
10
Suppose -3*d - 56 = -161. What is the remainder when 2 - (20/(-16))/((-3)/(-156)) is divided by d?
32
Suppose 0*m = -m + 27. Suppose -2*x = -61 - m. Suppose v - 4*a = 2 + x, 74 = 3*v + 4*a. What is the remainder when v is divided by 11?
8
Let u be (-6)/(6/2)*-1. Suppose u